{"id":13506,"date":"2023-11-17T08:10:45","date_gmt":"2023-11-17T07:10:45","guid":{"rendered":"https:\/\/selvaticotarragona.com\/menus\/"},"modified":"2026-04-13T15:47:37","modified_gmt":"2026-04-13T13:47:37","slug":"menus","status":"publish","type":"page","link":"https:\/\/selvaticotarragona.com\/ca\/menus\/","title":{"rendered":"MEN\u00daS"},"content":{"rendered":"\n<div class=\"wp-block-cover carta cocteles\"><span aria-hidden=\"true\" class=\"wp-block-cover__background has-nv-site-bg-background-color has-background-dim-100 has-background-dim\"><\/span><div class=\"wp-block-cover__inner-container is-layout-constrained wp-block-cover-is-layout-constrained\">\n<figure class=\"wp-block-image alignfull size-large\"><img decoding=\"async\" width=\"1024\" height=\"1024\" data-src=\"https:\/\/selvaticotarragona.com\/wp-content\/uploads\/2023\/11\/JAGUAR-1024x1024.png\" alt=\"JAGUAR\" class=\"wp-image-500 lazyload\" data-srcset=\"https:\/\/selvaticotarragona.com\/wp-content\/uploads\/2023\/11\/JAGUAR-1024x1024.png 1024w, https:\/\/selvaticotarragona.com\/wp-content\/uploads\/2023\/11\/JAGUAR-300x300.png 300w, https:\/\/selvaticotarragona.com\/wp-content\/uploads\/2023\/11\/JAGUAR-100x100.png 100w, https:\/\/selvaticotarragona.com\/wp-content\/uploads\/2023\/11\/JAGUAR-600x600.png 600w, https:\/\/selvaticotarragona.com\/wp-content\/uploads\/2023\/11\/JAGUAR-150x150.png 150w, https:\/\/selvaticotarragona.com\/wp-content\/uploads\/2023\/11\/JAGUAR-768x768.png 768w, https:\/\/selvaticotarragona.com\/wp-content\/uploads\/2023\/11\/JAGUAR-1536x1536.png 1536w, https:\/\/selvaticotarragona.com\/wp-content\/uploads\/2023\/11\/JAGUAR-2048x2048.png 2048w\" data-sizes=\"(max-width: 1024px) 100vw, 1024px\" src=\"data:image\/svg+xml;base64,PHN2ZyB3aWR0aD0iMSIgaGVpZ2h0PSIxIiB4bWxucz0iaHR0cDovL3d3dy53My5vcmcvMjAwMC9zdmciPjwvc3ZnPg==\" style=\"--smush-placeholder-width: 1024px; --smush-placeholder-aspect-ratio: 1024\/1024;\" \/><\/figure>\n\n\n\n<h2 class=\"wp-block-heading has-text-align-center has-nv-c-1-color has-text-color has-large-font-size\"><strong>MEN\u00da 50\u20ac<\/strong><\/h2>\n\n\n\n<p class=\"has-text-align-center has-medium-font-size\"><strong>Reserva pr\u00e8via<br\/><\/strong> Grup m\u00ednim de 8 persones<\/p>\n\n\n\n<h2 class=\"wp-block-heading has-text-align-center has-neve-link-color-color has-text-color has-large-font-size\">APERITIUS<\/h2>\n\n\n\n<p class=\"has-text-align-center\">Crema de ceps<\/p>\n\n\n\n<p class=\"has-text-align-center\">Pasta de full invertida amb formatge crema i anxova del Cant\u00e0bric<\/p>\n\n\n\n<h2 class=\"wp-block-heading has-text-align-center has-neve-link-color-color has-text-color has-large-font-size\">ENTRANTS PER COMPARTIR<\/h2>\n\n\n\n<p class=\"has-text-align-center\">Amanida Passi\u00f3 Selv\u00e0tica<\/p>\n\n\n\n<p class=\"has-text-align-center\">Patates braves a l&#8217;estil Selv\u00e0tic<\/p>\n\n\n\n<p class=\"has-text-align-center\">Brioix amb puntetes i maionesa de llima<\/p>\n\n\n\n<p class=\"has-text-align-center\">Croqueta de bacall\u00e0 amb maionesa trufada<\/p>\n\n\n\n<h2 class=\"wp-block-heading has-text-align-center has-neve-link-color-color has-text-color has-large-font-size\">PRINCIPALS A TRIAR<\/h2>\n\n\n\n<p class=\"has-text-align-center\">Lingot de garr\u00ed amb parmentier de patata i salsa espanyola amb reducci\u00f3 de PX<\/p>\n\n\n\n<p class=\"has-text-align-center\">Xai a baixa temperatura amb parmentier de patata i crem\u00f3s de moniato<\/p>\n\n\n\n<p class=\"has-text-align-center\">Canel\u00f3 XXL de galta amb beixamel trufada<\/p>\n\n\n\n<p class=\"has-text-align-center\">Tataki de tonyina vermella amb niu de verdures al wok, kimchi i maionesa de soja<\/p>\n\n\n\n<p class=\"has-text-align-center\">Corvina rostida amb tallarines de carbass\u00f3 i crem\u00f3s de coliflor<\/p>\n\n\n\n<h2 class=\"wp-block-heading has-text-align-center has-neve-link-color-color has-text-color has-large-font-size\">PRINCIPALS A TRIAR<\/h2>\n\n\n\n<p class=\"has-text-align-center\">Tiramis\u00fa nitrogenat<\/p>\n\n\n\n<p class=\"has-text-align-center\">Pinya brasejada amb gelat de coco<\/p>\n\n\n\n<p class=\"has-text-align-center\">Cheesecake de Lotus<\/p>\n\n\n\n<h2 class=\"wp-block-heading has-text-align-center has-small-font-size\" style=\"text-transform:uppercase\">aigua, Ampolla de vi cada 2 persones o 2 cerveses o 2 refrescos<\/h2>\n\n\n\n<h2 class=\"wp-block-heading has-text-align-center has-small-font-size\" style=\"text-transform:uppercase\">2 hores de p\u00e0rquing gratu\u00eft<\/h2>\n\n\n\n<figure class=\"wp-block-image alignfull size-large\"><img decoding=\"async\" width=\"1024\" height=\"585\" data-src=\"https:\/\/selvaticotarragona.com\/wp-content\/uploads\/2023\/08\/AdobeStock_581168208-1024x585.jpeg\" alt=\"\" class=\"wp-image-437 lazyload\" data-srcset=\"https:\/\/selvaticotarragona.com\/wp-content\/uploads\/2023\/08\/AdobeStock_581168208-1024x585.jpeg 1024w, https:\/\/selvaticotarragona.com\/wp-content\/uploads\/2023\/08\/AdobeStock_581168208-scaled-600x343.jpeg 600w, https:\/\/selvaticotarragona.com\/wp-content\/uploads\/2023\/08\/AdobeStock_581168208-300x171.jpeg 300w, https:\/\/selvaticotarragona.com\/wp-content\/uploads\/2023\/08\/AdobeStock_581168208-768x439.jpeg 768w, https:\/\/selvaticotarragona.com\/wp-content\/uploads\/2023\/08\/AdobeStock_581168208-1536x878.jpeg 1536w, https:\/\/selvaticotarragona.com\/wp-content\/uploads\/2023\/08\/AdobeStock_581168208-2048x1170.jpeg 2048w\" data-sizes=\"(max-width: 1024px) 100vw, 1024px\" src=\"data:image\/svg+xml;base64,PHN2ZyB3aWR0aD0iMSIgaGVpZ2h0PSIxIiB4bWxucz0iaHR0cDovL3d3dy53My5vcmcvMjAwMC9zdmciPjwvc3ZnPg==\" style=\"--smush-placeholder-width: 1024px; --smush-placeholder-aspect-ratio: 1024\/585;\" \/><\/figure>\n<\/div><\/div>\n\n<h2 class=\"wp-block-heading has-text-align-center has-nv-c-1-color has-text-color has-link-color has-large-font-size wp-elements-9f4da512f9123542641c718b782f251a\">MEN\u00da SELV\u00c0TIC <strong>55\u20ac<\/strong> (C\u00f2ctel)<\/h2>\n\n<p class=\"has-text-align-center has-nv-c-1-color has-text-color has-link-color has-large-font-size wp-elements-9df5343f83fe7a57fb84aa40987cbdd2\"><strong>Inclou:<\/strong><\/p>\n\n<p class=\"has-text-align-center\">2 begudes per persona<\/p>\n\n<p class=\"has-text-align-center\">2h de p\u00e0rquing gratu\u00eft<\/p>\n\n<p class=\"has-text-align-center has-nv-c-1-color has-text-color has-link-color has-large-font-size wp-elements-8e008f6cf1dcf0f70a7a85b0439b9918\"><strong>Plats:<\/strong><\/p>\n\n<p class=\"has-text-align-center\">Crema de ceps<\/p>\n\n<p class=\"has-text-align-center\">Pasta de full invertida amb formatge crema i anxova del Cant\u00e0bric<\/p>\n\n<p class=\"has-text-align-center\">Pernil ib\u00e8ric 100% de gla<\/p>\n\n<p class=\"has-text-align-center\">Mini amanida passi\u00f3<\/p>\n\n<p class=\"has-text-align-center\">Bomb\u00f3 de foie amb fruits vermells<\/p>\n\n<p class=\"has-text-align-center\">Broqueta yakitori amb salsa teriyaki<\/p>\n\n<p class=\"has-text-align-center\">Ravioli cruixent de cua de toro amb maionesa de m\u00e0nec<\/p>\n\n<p class=\"has-text-align-center\">Croquetes de pernil ib\u00e8ric<\/p>\n\n<p class=\"has-text-align-center\">Patates braves a l&#8217;estil Selv\u00e0tic<\/p>\n\n<p class=\"has-text-align-center\">Degustaci\u00f3 de fideu\u00e0 amb allioli<\/p>\n\n<figure class=\"wp-block-image alignfull size-large\"><img decoding=\"async\" width=\"1024\" height=\"1024\" data-src=\"https:\/\/selvaticotarragona.com\/wp-content\/uploads\/2024\/05\/AdobeStock_613236521-1-1-1024x1024.jpeg\" alt=\"\" class=\"wp-image-6481 lazyload\" data-srcset=\"https:\/\/selvaticotarragona.com\/wp-content\/uploads\/2024\/05\/AdobeStock_613236521-1-1-1024x1024.jpeg 1024w, https:\/\/selvaticotarragona.com\/wp-content\/uploads\/2024\/05\/AdobeStock_613236521-1-1-300x300.jpeg 300w, https:\/\/selvaticotarragona.com\/wp-content\/uploads\/2024\/05\/AdobeStock_613236521-1-1-150x150.jpeg 150w, https:\/\/selvaticotarragona.com\/wp-content\/uploads\/2024\/05\/AdobeStock_613236521-1-1-768x768.jpeg 768w, https:\/\/selvaticotarragona.com\/wp-content\/uploads\/2024\/05\/AdobeStock_613236521-1-1-600x600.jpeg 600w, https:\/\/selvaticotarragona.com\/wp-content\/uploads\/2024\/05\/AdobeStock_613236521-1-1-100x100.jpeg 100w, https:\/\/selvaticotarragona.com\/wp-content\/uploads\/2024\/05\/AdobeStock_613236521-1-1.jpeg 1200w\" data-sizes=\"(max-width: 1024px) 100vw, 1024px\" src=\"data:image\/svg+xml;base64,PHN2ZyB3aWR0aD0iMSIgaGVpZ2h0PSIxIiB4bWxucz0iaHR0cDovL3d3dy53My5vcmcvMjAwMC9zdmciPjwvc3ZnPg==\" style=\"--smush-placeholder-width: 1024px; --smush-placeholder-aspect-ratio: 1024\/1024;\" \/><\/figure>\n\n<h1 class=\"wp-block-heading has-text-align-center has-neve-link-color-color has-text-color has-link-color wp-elements-8abc16244b5e18ed78610bf88c97f2fe\"><strong>MEN\u00da Veg\u00e0 \/ Vegetari\u00e0 \/ Gluten Free<\/strong> <strong>50\u20ac<\/strong><\/h1>\n\n<p class=\"has-text-align-center has-neve-link-color-color has-text-color has-link-color wp-elements-71b28146c14aca6b5976d2acacfcb3cf\">PRIMERS A COMPARTIR<\/p>\n\n<p class=\"has-text-align-center\">Carxofes a la brasa amb flor de sal i AOVE<\/p>\n\n<p class=\"has-text-align-center\">Patates braves amaz\u00f2niques amb dues salses.<\/p>\n\n<p class=\"has-text-align-center\">Amanida passi\u00f3 amb alvocat mango i tom\u00e0quet.<\/p>\n\n<p class=\"has-text-align-center has-neve-link-color-color has-text-color has-link-color wp-elements-f83bb139c69aa6d163e1fedf59c0d3eb\">PRINCIPALS A TRIAR<\/p>\n\n<p class=\"has-text-align-center\">Timbal d&#8217;alberg\u00ednia a la parmigiana gratinada al forn amb mozzarella, alf\u00e0brega i tom\u00e0quet.<\/p>\n\n<p class=\"has-text-align-center\">Arr\u00f2s d&#8217;arc de Sant Mart\u00ed de verdures<\/p>\n\n<p class=\"has-text-align-center has-neve-link-color-color has-text-color has-link-color wp-elements-e0d5701432482b8aaf5e545046382195\">POSTRES  <\/p>\n\n<p class=\"has-text-align-center\">Pina Amaz\u00f2nica a la brasa amb sorbet de coco i salsa de m\u00e0nec.<br\/><\/p>\n\n<p class=\"has-text-align-center\"><em>1 beguda \/ refresc \/ cervesa \/ o copa de vi \/<br\/> Pa i aigua inclosos<\/em><\/p>\n","protected":false},"excerpt":{"rendered":"<p>MEN\u00da SELV\u00c0TIC 55\u20ac (C\u00f2ctel) Inclou: 2 begudes per persona 2h de p\u00e0rquing gratu\u00eft Plats: Crema de ceps Pasta de full invertida amb formatge crema i anxova del Cant\u00e0bric Pernil ib\u00e8ric 100% de gla Mini amanida passi\u00f3 Bomb\u00f3 de foie amb fruits vermells Broqueta yakitori amb salsa teriyaki Ravioli cruixent de cua de toro amb maionesa&hellip;&nbsp;<a href=\"https:\/\/selvaticotarragona.com\/ca\/menus\/\" rel=\"bookmark\">Llegiu m\u00e9s &raquo;<span class=\"screen-reader-text\">MEN\u00daS<\/span><\/a><\/p>\n","protected":false},"author":1,"featured_media":0,"parent":0,"menu_order":0,"comment_status":"closed","ping_status":"closed","template":"","meta":{"neve_meta_sidebar":"","neve_meta_container":"","neve_meta_enable_content_width":"","neve_meta_content_width":0,"neve_meta_title_alignment":"","neve_meta_author_avatar":"","neve_post_elements_order":"","neve_meta_disable_header":"","neve_meta_disable_footer":"","neve_meta_disable_title":"","footnotes":""},"class_list":["post-13506","page","type-page","status-publish","hentry"],"_links":{"self":[{"href":"https:\/\/selvaticotarragona.com\/ca\/wp-json\/wp\/v2\/pages\/13506","targetHints":{"allow":["GET"]}}],"collection":[{"href":"https:\/\/selvaticotarragona.com\/ca\/wp-json\/wp\/v2\/pages"}],"about":[{"href":"https:\/\/selvaticotarragona.com\/ca\/wp-json\/wp\/v2\/types\/page"}],"author":[{"embeddable":true,"href":"https:\/\/selvaticotarragona.com\/ca\/wp-json\/wp\/v2\/users\/1"}],"replies":[{"embeddable":true,"href":"https:\/\/selvaticotarragona.com\/ca\/wp-json\/wp\/v2\/comments?post=13506"}],"version-history":[{"count":1,"href":"https:\/\/selvaticotarragona.com\/ca\/wp-json\/wp\/v2\/pages\/13506\/revisions"}],"predecessor-version":[{"id":13507,"href":"https:\/\/selvaticotarragona.com\/ca\/wp-json\/wp\/v2\/pages\/13506\/revisions\/13507"}],"wp:attachment":[{"href":"https:\/\/selvaticotarragona.com\/ca\/wp-json\/wp\/v2\/media?parent=13506"}],"curies":[{"name":"wp","href":"https:\/\/api.w.org\/{rel}","templated":true}]}}

MENÚS

<div class="wp-block-cover carta cocteles"><span aria-hidden="true" class="wp-block-cover__background has-nv-site-bg-background-color has-background-dim-100 has-background-dim"></span><div class="wp-block-cover__inner-container is-layout-constrained wp-block-cover-is-layout-constrained">
<figure class="wp-block-image alignfull size-large"><img decoding="async" width="1024" height="1024" data-src="https://selvaticotarragona.com/wp-content/uploads/2023/11/JAGUAR-1024x1024.png" alt="JAGUAR" class="wp-image-500 lazyload" data-srcset="https://selvaticotarragona.com/wp-content/uploads/2023/11/JAGUAR-1024x1024.png 1024w, https://selvaticotarragona.com/wp-content/uploads/2023/11/JAGUAR-300x300.png 300w, https://selvaticotarragona.com/wp-content/uploads/2023/11/JAGUAR-100x100.png 100w, https://selvaticotarragona.com/wp-content/uploads/2023/11/JAGUAR-600x600.png 600w, https://selvaticotarragona.com/wp-content/uploads/2023/11/JAGUAR-150x150.png 150w, https://selvaticotarragona.com/wp-content/uploads/2023/11/JAGUAR-768x768.png 768w, https://selvaticotarragona.com/wp-content/uploads/2023/11/JAGUAR-1536x1536.png 1536w, https://selvaticotarragona.com/wp-content/uploads/2023/11/JAGUAR-2048x2048.png 2048w" data-sizes="(max-width: 1024px) 100vw, 1024px" src="data:image/svg+xml;base64,PHN2ZyB3aWR0aD0iMSIgaGVpZ2h0PSIxIiB4bWxucz0iaHR0cDovL3d3dy53My5vcmcvMjAwMC9zdmciPjwvc3ZnPg==" style="--smush-placeholder-width: 1024px; --smush-placeholder-aspect-ratio: 1024/1024;" /></figure>



<h2 class="wp-block-heading has-text-align-center has-nv-c-1-color has-text-color has-large-font-size"><strong>MENÚ 50€</strong></h2>



<p class="has-text-align-center has-medium-font-size"><strong>Reserva prèvia<br/></strong> Grup mínim de 8 persones</p>



<h2 class="wp-block-heading has-text-align-center has-neve-link-color-color has-text-color has-large-font-size">APERITIUS</h2>



<p class="has-text-align-center">Crema de ceps</p>



<p class="has-text-align-center">Pasta de full invertida amb formatge crema i anxova del Cantàbric</p>



<h2 class="wp-block-heading has-text-align-center has-neve-link-color-color has-text-color has-large-font-size">ENTRANTS PER COMPARTIR</h2>



<p class="has-text-align-center">Amanida Passió Selvàtica</p>



<p class="has-text-align-center">Patates braves a l&#8217;estil Selvàtic</p>



<p class="has-text-align-center">Brioix amb puntetes i maionesa de llima</p>



<p class="has-text-align-center">Croqueta de bacallà amb maionesa trufada</p>



<h2 class="wp-block-heading has-text-align-center has-neve-link-color-color has-text-color has-large-font-size">PRINCIPALS A TRIAR</h2>



<p class="has-text-align-center">Lingot de garrí amb parmentier de patata i salsa espanyola amb reducció de PX</p>



<p class="has-text-align-center">Xai a baixa temperatura amb parmentier de patata i cremós de moniato</p>



<p class="has-text-align-center">Caneló XXL de galta amb beixamel trufada</p>



<p class="has-text-align-center">Tataki de tonyina vermella amb niu de verdures al wok, kimchi i maionesa de soja</p>



<p class="has-text-align-center">Corvina rostida amb tallarines de carbassó i cremós de coliflor</p>



<h2 class="wp-block-heading has-text-align-center has-neve-link-color-color has-text-color has-large-font-size">PRINCIPALS A TRIAR</h2>



<p class="has-text-align-center">Tiramisú nitrogenat</p>



<p class="has-text-align-center">Pinya brasejada amb gelat de coco</p>



<p class="has-text-align-center">Cheesecake de Lotus</p>



<h2 class="wp-block-heading has-text-align-center has-small-font-size" style="text-transform:uppercase">aigua, Ampolla de vi cada 2 persones o 2 cerveses o 2 refrescos</h2>



<h2 class="wp-block-heading has-text-align-center has-small-font-size" style="text-transform:uppercase">2 hores de pàrquing gratuït</h2>



<figure class="wp-block-image alignfull size-large"><img decoding="async" width="1024" height="585" data-src="https://selvaticotarragona.com/wp-content/uploads/2023/08/AdobeStock_581168208-1024x585.jpeg" alt="" class="wp-image-437 lazyload" data-srcset="https://selvaticotarragona.com/wp-content/uploads/2023/08/AdobeStock_581168208-1024x585.jpeg 1024w, https://selvaticotarragona.com/wp-content/uploads/2023/08/AdobeStock_581168208-scaled-600x343.jpeg 600w, https://selvaticotarragona.com/wp-content/uploads/2023/08/AdobeStock_581168208-300x171.jpeg 300w, https://selvaticotarragona.com/wp-content/uploads/2023/08/AdobeStock_581168208-768x439.jpeg 768w, https://selvaticotarragona.com/wp-content/uploads/2023/08/AdobeStock_581168208-1536x878.jpeg 1536w, https://selvaticotarragona.com/wp-content/uploads/2023/08/AdobeStock_581168208-2048x1170.jpeg 2048w" data-sizes="(max-width: 1024px) 100vw, 1024px" src="data:image/svg+xml;base64,PHN2ZyB3aWR0aD0iMSIgaGVpZ2h0PSIxIiB4bWxucz0iaHR0cDovL3d3dy53My5vcmcvMjAwMC9zdmciPjwvc3ZnPg==" style="--smush-placeholder-width: 1024px; --smush-placeholder-aspect-ratio: 1024/585;" /></figure>
</div></div>

<h2 class="wp-block-heading has-text-align-center has-nv-c-1-color has-text-color has-link-color has-large-font-size wp-elements-9f4da512f9123542641c718b782f251a">MENÚ SELVÀTIC <strong>55€</strong> (Còctel)</h2>

<p class="has-text-align-center has-nv-c-1-color has-text-color has-link-color has-large-font-size wp-elements-9df5343f83fe7a57fb84aa40987cbdd2"><strong>Inclou:</strong></p>

<p class="has-text-align-center">2 begudes per persona</p>

<p class="has-text-align-center">2h de pàrquing gratuït</p>

<p class="has-text-align-center has-nv-c-1-color has-text-color has-link-color has-large-font-size wp-elements-8e008f6cf1dcf0f70a7a85b0439b9918"><strong>Plats:</strong></p>

<p class="has-text-align-center">Crema de ceps</p>

<p class="has-text-align-center">Pasta de full invertida amb formatge crema i anxova del Cantàbric</p>

<p class="has-text-align-center">Pernil ibèric 100% de gla</p>

<p class="has-text-align-center">Mini amanida passió</p>

<p class="has-text-align-center">Bombó de foie amb fruits vermells</p>

<p class="has-text-align-center">Broqueta yakitori amb salsa teriyaki</p>

<p class="has-text-align-center">Ravioli cruixent de cua de toro amb maionesa de mànec</p>

<p class="has-text-align-center">Croquetes de pernil ibèric</p>

<p class="has-text-align-center">Patates braves a l&#8217;estil Selvàtic</p>

<p class="has-text-align-center">Degustació de fideuà amb allioli</p>

<figure class="wp-block-image alignfull size-large"><img decoding="async" width="1024" height="1024" data-src="https://selvaticotarragona.com/wp-content/uploads/2024/05/AdobeStock_613236521-1-1-1024x1024.jpeg" alt="" class="wp-image-6481 lazyload" data-srcset="https://selvaticotarragona.com/wp-content/uploads/2024/05/AdobeStock_613236521-1-1-1024x1024.jpeg 1024w, https://selvaticotarragona.com/wp-content/uploads/2024/05/AdobeStock_613236521-1-1-300x300.jpeg 300w, https://selvaticotarragona.com/wp-content/uploads/2024/05/AdobeStock_613236521-1-1-150x150.jpeg 150w, https://selvaticotarragona.com/wp-content/uploads/2024/05/AdobeStock_613236521-1-1-768x768.jpeg 768w, https://selvaticotarragona.com/wp-content/uploads/2024/05/AdobeStock_613236521-1-1-600x600.jpeg 600w, https://selvaticotarragona.com/wp-content/uploads/2024/05/AdobeStock_613236521-1-1-100x100.jpeg 100w, https://selvaticotarragona.com/wp-content/uploads/2024/05/AdobeStock_613236521-1-1.jpeg 1200w" data-sizes="(max-width: 1024px) 100vw, 1024px" src="data:image/svg+xml;base64,PHN2ZyB3aWR0aD0iMSIgaGVpZ2h0PSIxIiB4bWxucz0iaHR0cDovL3d3dy53My5vcmcvMjAwMC9zdmciPjwvc3ZnPg==" style="--smush-placeholder-width: 1024px; --smush-placeholder-aspect-ratio: 1024/1024;" /></figure>

<h1 class="wp-block-heading has-text-align-center has-neve-link-color-color has-text-color has-link-color wp-elements-8abc16244b5e18ed78610bf88c97f2fe"><strong>MENÚ Vegà / Vegetarià / Gluten Free</strong> <strong>50€</strong></h1>

<p class="has-text-align-center has-neve-link-color-color has-text-color has-link-color wp-elements-71b28146c14aca6b5976d2acacfcb3cf">PRIMERS A COMPARTIR</p>

<p class="has-text-align-center">Carxofes a la brasa amb flor de sal i AOVE</p>

<p class="has-text-align-center">Patates braves amazòniques amb dues salses.</p>

<p class="has-text-align-center">Amanida passió amb alvocat mango i tomàquet.</p>

<p class="has-text-align-center has-neve-link-color-color has-text-color has-link-color wp-elements-f83bb139c69aa6d163e1fedf59c0d3eb">PRINCIPALS A TRIAR</p>

<p class="has-text-align-center">Timbal d&#8217;albergínia a la parmigiana gratinada al forn amb mozzarella, alfàbrega i tomàquet.</p>

<p class="has-text-align-center">Arròs d&#8217;arc de Sant Martí de verdures</p>

<p class="has-text-align-center has-neve-link-color-color has-text-color has-link-color wp-elements-e0d5701432482b8aaf5e545046382195">POSTRES  </p>

<p class="has-text-align-center">Pina Amazònica a la brasa amb sorbet de coco i salsa de mànec.<br/></p>

<p class="has-text-align-center"><em>1 beguda / refresc / cervesa / o copa de vi /<br/> Pa i aigua inclosos</em></p>

<p>MENÚ SELVÀTIC 55€ (Còctel) Inclou: 2 begudes per persona 2h de pàrquing gratuït Plats: Crema de ceps Pasta de full invertida amb formatge crema i anxova del Cantàbric Pernil ibèric 100% de gla Mini amanida passió Bombó de foie amb fruits vermells Broqueta yakitori amb salsa teriyaki Ravioli cruixent de cua de toro amb maionesa&hellip;&nbsp;<a href="https://selvaticotarragona.com/ca/menus/" rel="bookmark">Llegiu més &raquo;<span class="screen-reader-text">MENÚS</span></a></p>
